{"id":66,"date":"2017-08-28T09:47:22","date_gmt":"2017-08-28T09:47:22","guid":{"rendered":"http:\/\/me.ellaschnella.de\/?page_id=66"},"modified":"2017-09-30T01:41:14","modified_gmt":"2017-09-30T01:41:14","slug":"startseite","status":"publish","type":"page","link":"https:\/\/me-musik.de\/","title":{"rendered":"Home"},"content":{"rendered":"<p style=\"text-align: left;\"><img loading=\"lazy\" decoding=\"async\" class=\"wp-image-84 size-medium alignleft\" src=\"http:\/\/me-musik.de\/wp-content\/uploads\/2017\/08\/IMG_3496-172x300.jpg\" alt=\"\" width=\"172\" height=\"300\" srcset=\"https:\/\/me-musik.de\/wp-content\/uploads\/2017\/08\/IMG_3496-172x300.jpg 172w, https:\/\/me-musik.de\/wp-content\/uploads\/2017\/08\/IMG_3496-768x1336.jpg 768w, https:\/\/me-musik.de\/wp-content\/uploads\/2017\/08\/IMG_3496-589x1024.jpg 589w, https:\/\/me-musik.de\/wp-content\/uploads\/2017\/08\/IMG_3496-945x1644.jpg 945w, https:\/\/me-musik.de\/wp-content\/uploads\/2017\/08\/IMG_3496-600x1044.jpg 600w, https:\/\/me-musik.de\/wp-content\/uploads\/2017\/08\/IMG_3496.jpg 1280w\" sizes=\"auto, (max-width: 172px) 100vw, 172px\" \/><\/p>\n<p style=\"text-align: left;\">Wenn 1000 Worte in einen Ton flie\u00dfen k\u00f6nnten,<br \/>\nich w\u00fcrde ihn singen<br \/>\nund das Risiko in Kauf nehmen, dass Du ihn falsch verstehst.<\/p>\n<p style=\"text-align: left;\">Wenn nur ein Ton uns miteinander verbindet,<br \/>\nich w\u00fcrde ihn singen,<br \/>\nauch wenn mir die Gespr\u00e4che mit Dir fehlen w\u00fcrden.<\/p>\n<p style=\"text-align: left;\">Wenn unsere Gespr\u00e4che dazu f\u00fchren diesen Ton zu finden,<br \/>\nich w\u00fcrde ihn singen,<br \/>\ndenn ich wei\u00df es werden weitere folgen.<\/p>\n","protected":false},"excerpt":{"rendered":"<p>Wenn 1000 Worte in einen Ton flie\u00dfen k\u00f6nnten, ich w\u00fcrde ihn singen und das Risiko in Kauf nehmen, dass Du ihn falsch verstehst. Wenn nur ein Ton uns miteinander verbindet, ich w\u00fcrde ihn singen, auch wenn mir die Gespr\u00e4che mit&#8230; <a class=\"more-link\" href=\"https:\/\/me-musik.de\/\">Weiterlesen &rarr;<\/a><\/p>\n","protected":false},"author":1,"featured_media":0,"parent":0,"menu_order":0,"comment_status":"closed","ping_status":"closed","template":"","meta":{"footnotes":""},"class_list":["post-66","page","type-page","status-publish","hentry"],"_links":{"self":[{"href":"https:\/\/me-musik.de\/index.php?rest_route=\/wp\/v2\/pages\/66","targetHints":{"allow":["GET"]}}],"collection":[{"href":"https:\/\/me-musik.de\/index.php?rest_route=\/wp\/v2\/pages"}],"about":[{"href":"https:\/\/me-musik.de\/index.php?rest_route=\/wp\/v2\/types\/page"}],"author":[{"embeddable":true,"href":"https:\/\/me-musik.de\/index.php?rest_route=\/wp\/v2\/users\/1"}],"replies":[{"embeddable":true,"href":"https:\/\/me-musik.de\/index.php?rest_route=%2Fwp%2Fv2%2Fcomments&post=66"}],"version-history":[{"count":20,"href":"https:\/\/me-musik.de\/index.php?rest_route=\/wp\/v2\/pages\/66\/revisions"}],"predecessor-version":[{"id":192,"href":"https:\/\/me-musik.de\/index.php?rest_route=\/wp\/v2\/pages\/66\/revisions\/192"}],"wp:attachment":[{"href":"https:\/\/me-musik.de\/index.php?rest_route=%2Fwp%2Fv2%2Fmedia&parent=66"}],"curies":[{"name":"wp","href":"https:\/\/api.w.org\/{rel}","templated":true}]}}